{"id":152,"date":"2018-02-11T19:49:30","date_gmt":"2018-02-11T19:49:30","guid":{"rendered":"http:\/\/fff-bochum.de\/?page_id=152"},"modified":"2026-02-01T20:08:13","modified_gmt":"2026-02-01T20:08:13","slug":"terminkalender","status":"publish","type":"page","link":"https:\/\/fff-bochum.de\/?page_id=152","title":{"rendered":"Terminkalender"},"content":{"rendered":"<p>Forum f\u00fcr Fotografie (www.fff-bochum.de)<\/p>\n<p>Termine 2026<\/p>\n<pre>14. Januar\tClubabend\r\n28. Januar\tClubabend \r\n11. Februar\tClubabend Jahreshauptversammlung \t\r\n25. Februar\tClubabend Multivision Japan\t\r\n11. M\u00e4rz \tClubabend Jahreseinstandsessen\r\n25. M\u00e4rz\tClubabend\r\n22. April\tClubabend \r\n06. Mai       \tClubabend\r\n20. Mai\t        Clubabend Abgabe Bilder f\u00fcr Ausstellung\r\n03. Juni \tClubabend\r\n17. Juni\tClubabend\t\r\n01. Juli\tClubabend\r\n15. Juli\tClubabend\r\n09. Sept.\tClubabend\t\r\n23. Sept.    \tClubabend\r\n07. Okt.   \tClubabend\r\n04. Nov.\tClubabend Jubil\u00e4umstag 50 Jahre FFF\t\r\n18. Nov.\tClubabend\r\n02. Dez.\tClubabend \r\n16. Dez.\tClubabend<\/pre>\n<p>An Feiertagen sowie in den Ferien finden keine Clubabende statt!<\/p>\n<p>&nbsp;<\/p>\n<p>Termine 2025<\/p>\n<pre>15. Januar  Clubabend\r\n29. Januar  Clubabend\r\n12. Februar Clubabend \r\n26. Februar Clubabend Jahreseinstandsessen\r\n12. M\u00e4rz    Clubabend Jahreshauptversammlung\r\n26. M\u00e4rz    Clubabend\r\n09. April   Clubabend \r\n07. Mai     Clubabend\r\n21. Mai     Clubabend\r\n04. Juni    Clubabend\r\n18. Juni    Clubabend \r\n02. Juli    Clubabend\r\n27. Aug.    Clubabend\r\n10. Sept.   Clubabend \r\n24. Sept.   Clubabend\r\n08. Okt.    Clubabend\r\n05. Nov.    Clubabend \r\n19. Nov.    Clubabend\r\n03. Dez.    Clubabend \r\n17. Dez.    Clubabend<\/pre>\n<p>An Feiertagen sowie in den Ferien finden keine Clubabende statt!<\/p>\n<p>&nbsp;<\/p>\n<p>Veranstaltungen 2024<\/p>\n<pre>17. Januar Clubabend\r\n31. Januar Clubabend Jahreseinstandsessen\r\n14. Februar Clubabend Jahreshauptversammlung\r\n28. Februar Clubabend\r\n13. M\u00e4rz Clubabend\r\n10. April Clubabend\r\n24. April Clubabend\r\n08. Mai Clubabend\r\n22. Mai Clubabend\r\n05. Juni Clubabend\r\n19. Juni Clubabend\r\n03. Juli Clubabend\r\n28. Aug. Clubabend\r\n06. Sept. Vernissage und Beginn der Foto-Ausstellung in der Langendreerer B\u00fccherei\r\n11. Sept. Clubabend\r\n25. Sept. Clubabend\r\n30. Sept. Ende der Foto-Ausstellung in der Langendreerer B\u00fccherei\r\n09. Okt. Clubabend\r\n06. Nov. Clubabend\r\n20. Nov. Clubabend\r\n04. Dez. Clubabend\r\n18. Dez. Clubabend Jahresausklang ???<\/pre>\n<p>An Feiertagen sowie in den Ferien finden keine Clubabende statt!<br \/>\nWeihnachtsferien 2023\/24: 21.12.23 \u2013 07.01.24<br \/>\nOsterferien: 23.03. \u2013 07.04.24<br \/>\nSommerferien 06-07. &#8211; 20.08.24<br \/>\nHerbstferien 12.10. \u2013 27.10.24<br \/>\nWeihnachtsferien 2024\/25: 21.12. \u2013 05.01.25<\/p>\n<p>&nbsp;<\/p>\n<p><strong>Veranstaltungen 2023<\/strong><\/p>\n<p>Soweit es die Pandemielage zul\u00e4sst, finden unsere Treffen mittwochs<br \/>\nin der Jugendetage der Michaelkirche, Birkhuhnweg 2 in Bochum-Langendreer statt.<br \/>\nDer Klubabend beginnt um 19.00 Uhr und endet gegen 21.30 Uhr<\/p>\n<p>18. Januar Clubabend LR-und CC-Kurs: 1. Workflow Import und erste Schritte mit KI-Filtern<br \/>\n01. Februar Clubabend LR-Kurs: 2. Arbeiten mit Objektmasken<br \/>\n15 Februar Clubabend mit Jahreshauptversammlung. Nur f\u00fcr Mitglieder!<br \/>\n01. M\u00e4rz WETTBEWERB digital THEMA FREI<br \/>\n15. M\u00e4rz Clubabend mit (sp\u00e4tem) Jahreseinstandsessen. F\u00fcr Mitglieder mit Begleitung.<br \/>\n29. M\u00e4rz Clubabend<br \/>\n26. April Clubabend<br \/>\n10. Mai WETTBEWERB THEMA FREI<br \/>\n24. Mai Clubabend<br \/>\n07. Juni Clubabend mit gro\u00dfer AV-Schau Galapagos. G\u00e4ste sind willkommen!<br \/>\n21. Juni Clubabend<br \/>\n16. Aug. WETTBEWERB THEMA FREI<br \/>\n30. Aug. Clubabend<br \/>\n13. Sept. Clubabend<br \/>\n27. Sept. Clubabend<br \/>\n25. Okt. Clubabend<br \/>\n08. Nov. WETTBEWERB THEMA FREI<br \/>\n22. Nov. Clubabend<br \/>\n06. Dez. Clubabend<br \/>\n20. Dez. Clubabend\/ Jahresausklang<\/p>\n<p><strong>An Feiertagen sowie in den Ferien finden keine Clubabende statt!<\/strong><\/p>\n<p>Weihnachtsferien 2022\/23:&nbsp;&nbsp; 23.12.22 \u2013 06.01.23<\/p>\n<p>Osterferien:&nbsp;&nbsp;&nbsp;&nbsp;&nbsp;&nbsp;&nbsp;&nbsp;&nbsp;&nbsp;&nbsp;&nbsp;&nbsp;&nbsp;&nbsp;&nbsp;&nbsp;&nbsp;&nbsp;&nbsp;&nbsp;&nbsp;&nbsp;&nbsp;&nbsp;&nbsp;&nbsp; 03.04. &#8211; 15.04.23<\/p>\n<p>Sommerferien&nbsp;&nbsp;&nbsp;&nbsp;&nbsp;&nbsp;&nbsp;&nbsp;&nbsp;&nbsp;&nbsp;&nbsp;&nbsp;&nbsp;&nbsp;&nbsp;&nbsp;&nbsp;&nbsp;&nbsp;&nbsp;&nbsp;&nbsp; 22.06. &#8211; 04.08.23<\/p>\n<p>Herbstferien&nbsp;&nbsp;&nbsp;&nbsp;&nbsp;&nbsp;&nbsp;&nbsp;&nbsp;&nbsp;&nbsp;&nbsp;&nbsp;&nbsp;&nbsp;&nbsp;&nbsp;&nbsp;&nbsp;&nbsp;&nbsp;&nbsp;&nbsp;&nbsp;&nbsp;&nbsp; 02.10. \u2013 14.10.23<\/p>\n<p>Weihnachtsferien 2023\/24:&nbsp;&nbsp; 21.12.22 \u2013 05.01.24<\/p>\n<h4>FOTOCLUB-ABENDE 2022&nbsp;&nbsp;<br \/>\n(Stand 06.01.2022)<\/h4>\n<p>Soweit es die Pandemielage zul\u00e4sst, finden unsere Treffen<\/p>\n<p><strong>in der Jugendetage der Michaelkirche in Bochum-Langendreer, Birkhuhnweg 2<\/strong> statt.<\/p>\n<p>Der Klubabend beginnt um <strong>19.00 Uhr<\/strong> und endet gegen 21.30 Uhr<\/p>\n<p>19. Januar&nbsp;&nbsp;&nbsp;&nbsp;&nbsp;&nbsp;&nbsp;&nbsp;&nbsp;&nbsp; Clubabend<\/p>\n<p>02. Februar&nbsp;&nbsp;&nbsp;&nbsp;&nbsp;&nbsp;&nbsp;&nbsp; Clubabend<\/p>\n<p>16. Februar&nbsp;&nbsp;&nbsp;&nbsp;&nbsp;&nbsp;&nbsp;&nbsp; Clubabend Besuch Live-Fotoshow \u201eNaturwunder Erde\u201c Bergbaumuseum Bochum<\/p>\n<p>02. M\u00e4rz&nbsp;&nbsp;&nbsp;&nbsp;&nbsp;&nbsp;&nbsp;&nbsp;&nbsp;&nbsp;&nbsp;&nbsp;&nbsp; WETTBEWERB DIGITAL THEMA FREI<\/p>\n<p>16. M\u00e4rz &nbsp;&nbsp;&nbsp;&nbsp;&nbsp;&nbsp;&nbsp;&nbsp;&nbsp;&nbsp;&nbsp;&nbsp; Clubabend Jahreshauptversammlung<\/p>\n<p>30. M\u00e4rz&nbsp;&nbsp;&nbsp;&nbsp;&nbsp;&nbsp;&nbsp;&nbsp;&nbsp;&nbsp;&nbsp;&nbsp;&nbsp; Clubabend<\/p>\n<p>27. April&nbsp;&nbsp;&nbsp;&nbsp;&nbsp;&nbsp;&nbsp;&nbsp;&nbsp;&nbsp;&nbsp;&nbsp;&nbsp;&nbsp; Clubabend<\/p>\n<p>11. Mai&nbsp;&nbsp;&nbsp;&nbsp;&nbsp;&nbsp; &nbsp;&nbsp;&nbsp;&nbsp;&nbsp;&nbsp;&nbsp;&nbsp; WETTBEWERB PAPIER THEMA FREI<\/p>\n<p>25. Mai&nbsp;&nbsp;&nbsp;&nbsp;&nbsp;&nbsp; &nbsp;&nbsp;&nbsp;&nbsp;&nbsp;&nbsp;&nbsp;&nbsp; Clubabend<\/p>\n<p>08. Juni&nbsp;&nbsp;&nbsp;&nbsp;&nbsp;&nbsp;&nbsp;&nbsp;&nbsp;&nbsp;&nbsp;&nbsp;&nbsp;&nbsp;&nbsp; Clubabend<\/p>\n<p>22. Juni &nbsp;&nbsp;&nbsp;&nbsp;&nbsp;&nbsp;&nbsp;&nbsp;&nbsp;&nbsp;&nbsp;&nbsp;&nbsp;&nbsp; Clubabend<\/p>\n<p>17. Aug.&nbsp;&nbsp;&nbsp;&nbsp;&nbsp;&nbsp;&nbsp;&nbsp;&nbsp;&nbsp;&nbsp;&nbsp;&nbsp;&nbsp; WETTBEWERB DIGITAL THEMA FREI<\/p>\n<p>31. Aug.&nbsp;&nbsp;&nbsp;&nbsp;&nbsp;&nbsp;&nbsp;&nbsp;&nbsp;&nbsp;&nbsp;&nbsp;&nbsp;&nbsp; Clubabend<\/p>\n<p>14. Sept.&nbsp;&nbsp;&nbsp;&nbsp;&nbsp;&nbsp;&nbsp;&nbsp;&nbsp;&nbsp;&nbsp;&nbsp;&nbsp; Clubabend&nbsp;&nbsp;&nbsp;&nbsp;&nbsp;&nbsp;&nbsp;&nbsp;&nbsp;<\/p>\n<p>28. Sept.&nbsp;&nbsp;&nbsp; &nbsp;&nbsp;&nbsp;&nbsp;&nbsp;&nbsp;&nbsp;&nbsp;&nbsp; Clubabend<\/p>\n<p>26. Okt.&nbsp;&nbsp; &nbsp;&nbsp;&nbsp;&nbsp;&nbsp;&nbsp;&nbsp;&nbsp;&nbsp;&nbsp;&nbsp; Clubabend AV-Show Namibia\/Botswana von Albert Dirscherl<\/p>\n<p>09. Nov.&nbsp;&nbsp;&nbsp;&nbsp;&nbsp;&nbsp;&nbsp;&nbsp;&nbsp;&nbsp;&nbsp;&nbsp;&nbsp; WETTBEWERB PAPIER THEMA FREI<\/p>\n<p>23. Nov.&nbsp;&nbsp;&nbsp;&nbsp;&nbsp;&nbsp;&nbsp;&nbsp;&nbsp;&nbsp;&nbsp;&nbsp;&nbsp; Clubabend<\/p>\n<p>07. Dez.&nbsp;&nbsp;&nbsp;&nbsp;&nbsp;&nbsp;&nbsp;&nbsp;&nbsp;&nbsp;&nbsp;&nbsp;&nbsp;&nbsp; Clubabend<\/p>\n<h6>&nbsp;<\/h6>\n<h6>An Feiertagen sowie in den Ferien finden keine Clubabende statt!<\/h6>\n<h6>Weihnachtsferien 2021\/22:&nbsp;&nbsp;&nbsp; 24.12.21 \u2013 08.01.22<\/h6>\n<h6>Osterferien:&nbsp;&nbsp;&nbsp;&nbsp;&nbsp;&nbsp;&nbsp;&nbsp;&nbsp;&nbsp;&nbsp;&nbsp;&nbsp;&nbsp;&nbsp;&nbsp;&nbsp;&nbsp;&nbsp;&nbsp;&nbsp;&nbsp;&nbsp;&nbsp;&nbsp;&nbsp; 11.04. &#8211; 23.04.22<\/h6>\n<h6>Sommerferien&nbsp;&nbsp; &nbsp; &nbsp;&nbsp;&nbsp;&nbsp;&nbsp;&nbsp;&nbsp;&nbsp;&nbsp;&nbsp;&nbsp;&nbsp;&nbsp;&nbsp;&nbsp;&nbsp;&nbsp;&nbsp; 27.06. &#8211; 09.08.22<\/h6>\n<h6>Herbstferien&nbsp;&nbsp;&nbsp;&nbsp;&nbsp;&nbsp;&nbsp;&nbsp;&nbsp;&nbsp;&nbsp;&nbsp;&nbsp;&nbsp;&nbsp;&nbsp;&nbsp;&nbsp;&nbsp;&nbsp;&nbsp;&nbsp;&nbsp;&nbsp;&nbsp; 04.10. \u2013 15.10.22<\/h6>\n<h6>Weihnachtsferien 2022\/23:&nbsp;&nbsp;&nbsp; 23.12.22 \u2013 06.01.23<\/h6>\n<hr>\n<h4>FOTOCLUB-ABENDE 2021<\/h4>\n<p>coronobedingt nur unregelm\u00e4\u00dfig und meist virtuell<\/p>\n<hr>\n<h4>FOTOCLUB-ABENDE 2020&nbsp;&nbsp;&nbsp;<br \/>\n(Stand 14.12.2019)<\/h4>\n<p>Hinweis: Terminiert sind nachfolgend nur die internen Club-Wettbewerbe.<br \/>\nWeitere Sonderveranstaltungen (z.B. Vortr\u00e4ge, Workshops etc.) sind noch zu<br \/>\nbestimmen und werden vom Fotoclub-Vorstand rechtzeitig mitgeteilt.<\/p>\n<ul>\n<li>08. Jan. Clubabend (f\u00e4llt wegen der Weihnachtsferien aus)<\/li>\n<li>22. Jan. Clubabend<\/li>\n<li>05. Febr. Clubabend&nbsp; <em><strong>Jahreseinstandsfeier<\/strong> (nur f\u00fcr Mitglieder\/Angeh\u00f6rige)<\/em><\/li>\n<li>19. Febr. Clubabend&nbsp;<strong> <em>Jahreshauptversammlung (nur f\u00fcr Mitglieder)<br \/>\n<\/em><\/strong><\/li>\n<li>04. M\u00e4rz PAPIER-WETTBEWERB THEMA FREI<\/li>\n<li>18. M\u00e4rz Clubabend &#8211; f\u00e4llt wegen CORONA-Krise aus<\/li>\n<li>01. April DIGITAL-WETTBEWERB THEMA FREI<br \/>\nf\u00e4llt wegen CORONA-Krise vermutlich aus<\/li>\n<\/ul>\n<p><em> April&nbsp; Clubabend f\u00e4llt aus wg. OSTERFERIEN 06.04.-18.04.2020<\/em><\/p>\n<ul>\n<li>29. April Clubabend<\/li>\n<li>13. Mai PAPIER-WETTBEWERB THEMA FREI<\/li>\n<li>27. Mai Clubabend<\/li>\n<li>10. Juni Clubabend<\/li>\n<li>24. Juni DIGITAL-WETTBEWERB; <strong>THEMA:<\/strong> \u2026\u2026\u2026\u2026\u2026\u2026\u2026\u2026<\/li>\n<\/ul>\n<ol start=\"22\">\n<li><em> Juli SOMMERFERIEN 29.06.-11-08.<\/em><\/li>\n<li><em>Juli SOMMERFERIEN 29.06.-11-08.<\/em><\/li>\n<li><em> Aug. SOMMERFERIEN 29.06.-11-08.<\/em><\/li>\n<\/ol>\n<ul>\n<li>19. Aug. Clubabend<\/li>\n<li>02. Sept. PAPIER-WETTBEWERB THEMA FREI<\/li>\n<li>16. Sept. Clubabend<\/li>\n<li>30. Sept. Clubabend<\/li>\n<\/ul>\n<p><em>14. Okt. <\/em><em>Herbstferien 12.10.-24.10.2020<br \/>\n<\/em><\/p>\n<ul>\n<li>28. Okt. Clubabend<\/li>\n<li>11. Nov. DIGITAL-WETTBEWERB; <strong>THEMA<\/strong>: \u2026\u2026\u2026\u2026\u2026\u2026<\/li>\n<li>25. Nov. Clubabend<\/li>\n<li>09.Dez. Clubabend \/ Jahres-Ausklang<\/li>\n<\/ul>\n<p><strong>Hinweis:<\/strong> Der erste Clubabend in 2021 findet vorauss. am 06.01.21 statt!<\/p>\n<hr>\n<h5>FOTOCLUB-ABENDE 2019 (Stand 22.01.2019)<\/h5>\n<h5>09. Jan. Clubabend<\/h5>\n<p>23. Jan. Clubabend<\/p>\n<p>06. Febr. KEIN Clubabend; sondern <strong>Jahreseinstandsfeier<\/strong> (nur f\u00fcr Mitglieder\/Angeh\u00f6rige)<\/p>\n<p>20. Febr. <strong>Jahreshauptversammlung (nur f\u00fcr Mitglieder)<\/strong><\/p>\n<p>06. M\u00e4rz PAPIER-WETTBEWERB THEMA FREI<\/p>\n<p>20. M\u00e4rz Clubabend<\/p>\n<p>03. April DIGITAL-WETTBEWERB THEMA FREI<\/p>\n<p><em>17. April Kein Clubabend wg.<br \/>\nO<\/em><em>STERFERIEN vom 15.4.-26.04.2019<\/em><\/p>\n<p><em>01. Mai Feiertag \u2013 kein Clubabend<\/em><\/p>\n<p>15. Mai PAPIER-WETTBEWERB THEMA FREI<\/p>\n<p>29. Mai Clubabend<\/p>\n<p>03. Juni &#8211; 28. Juni <strong>Bilderausstellung<\/strong> in der Stadtteilbibliothel Bochum-Langendreer<br \/>\nanl\u00e4sslich der B\u00fcrgerwoche Bochum-Ost<\/p>\n<p>12. Juni Clubabend: LR-Tipps u.a. ICC-Profile<\/p>\n<p>14. Juni <strong>&#8222;Toskana &#8211; damals und heute&#8220;<\/strong>&nbsp;<br \/>\num 19.00 Uhr (Einlass 18.45 Uhr) im Gemeindesaal Michaelkirche, ca. 1-st\u00fcndige Audiovision von Albert Dirscherl<\/p>\n<p>26. Juni Clubabend<\/p>\n<p>10. Juli DIGITAL-WETTBEWERB;<br \/>\n<strong>THEMA<\/strong> \u201eGr\u00fcn\u201c (Natur\/Umwelt) in Bochum<\/p>\n<p><em>24. Juli Kein Clubabend wg. SOMMERFERIEN vom 15.07.-27.08<\/em><\/p>\n<p><em>07. <\/em><em>Aug. SOMMERFERIEN 15.07.-27.08.<\/em><\/p>\n<p><em>21. <\/em><em>Aug. SOMMERFERIEN 15.07.-27.08<\/em><\/p>\n<p>04. Sept. Clubabend<\/p>\n<p>18. Sept. PAPIER-WETTBEWERB THEMA FREI<\/p>\n<p>02. Okt. Clubabend<\/p>\n<p><em>16. Okt. <\/em><em>Herbstferien 14.10.-26.10.<\/em><\/p>\n<p>30. Okt. Clubabend<\/p>\n<p>13. Nov. DIGITAL-WETTBEWERB; <strong>THEMA<\/strong>: Verkehr\/ Mobilit\u00e4t in Bochum<\/p>\n<p>27. Nov. Clubabend<\/p>\n<p>11. Dez. Clubabend \/ Jahres-Ausklang<\/p>\n<ul>\n<li>Hinweis: Der erste Clubabend in 2020 findet vorauss. am 08.01.20 statt!<\/li>\n<\/ul>\n<h2>_______________________________________<\/h2>\n<h2>FOTOCLUB-ABENDE 2018 (Stand 21.12.2017)<\/h2>\n<p>Beginn: mittwochs, 19:00-21:30 Uhr; Gemeindehaus Michaelkirche, Birkhuhnweg 2<br \/>\nParkplatz: Zufahrt von der Stra\u00dfe \u201eAm Neggenborn\u201c<\/p>\n<p>Hinweis: Terminiert sind nachfolgend nur die internen Club-Wettbewerbe.<br \/>\nWeitere Sonderveranstaltungen (z.B. Vortr\u00e4ge, Workshops etc.) sind noch zu<br \/>\nbestimmen und werden vom Fotoclub-Vorstand rechtzeitig mitgeteilt!<\/p>\n<p>10. Jan. 1. Clubabend im Neuen Jahr 2018<\/p>\n<p>24. Jan. Photoshop-Einf\u00fchrungskurs (1)<\/p>\n<p>07. Febr. JAHRESHAUPTVERSAMMLUNG (nur f\u00fcr Mitglieder)<\/p>\n<p>21. Febr. Photoshop-Einf\u00fchrungskurs (2)<\/p>\n<p>07. M\u00e4rz PAPIER-WETTBEWERB THEMA FREI<\/p>\n<p>21. M\u00e4rz Clubabend<\/p>\n<p>04. April OSTERFERIEN 26.3.-07.04.2018<\/p>\n<p>18. April DIGITAL-WETTBEWERB THEMA FREI<br \/>\nHinweis: Die Dateien sind mit einem Bildtitel zu benennen (z.B. \u201eSonnenblume.jpg\u201c). So soll eine eindeutige Identifizierung der Werke vereinfacht bzw. eine zuf\u00e4llige Mischung aller Wettbewerbsbeitr\u00e4ge erreicht werden.<\/p>\n<p>02. Mai Clubabend<\/p>\n<p>16. Mai PAPIER-WETTBEWERB THEMA FREI<\/p>\n<p>30. Mai Clubabend<\/p>\n<p>09. &#8211; 14. Juni 2018 findet wieder die B\u00fcrgerwoche Bochum Ost statt.<br \/>\nWir werden voraussichtlich wieder mit einer Bilderausstellung in den R\u00e4umen der Stadtteilb\u00fccherei Langendreer teilnehmen. Die Ausstellung findet den ganzen Juni statt.<\/p>\n<p>13. Juni Clubabend<\/p>\n<p>27. Juni Clubabend<\/p>\n<p>11. Juli DIGITAL-WETTBEWERB THEMA \u201eWohnen\u201c<br \/>\nHinweis: Die Dateien sind mit einem Bildtitel zu benennen (z.B. \u201ePeter im Wasser.jpg\u201c). So soll eine eindeutige Identifizierung der Werke vereinfacht bzw. eine zuf\u00e4llige Mischung aller Wettbewerbsbeitr\u00e4ge erreicht werden.<\/p>\n<p>25. Juli SOMMERFERIEN 16.07.-28.08.<\/p>\n<p>08. Aug. SOMMERFERIEN 16.07.-28.08.<\/p>\n<p>22. Aug. SOMMERFERIEN 16.07.-28.08.<\/p>\n<p>05. Sept. Clubabend<\/p>\n<p>19. Sept. PAPIER-WETTBEWERB THEMA FREI<\/p>\n<p>03. Okt. FEIERTAG<\/p>\n<p>24. Okt. 18.00 Uhr Er\u00f6ffnung und Vernissage der<br \/>\n&nbsp;&nbsp;&nbsp;&nbsp;&nbsp;&nbsp;&nbsp;&nbsp;&nbsp;&nbsp;&nbsp;&nbsp;&nbsp;&nbsp;&nbsp; Fotoausstellung zum Thema \u201eWohnarchitektur in Bochum\u201c im Kunstmuseum Bochum.<br \/>\n14. Nov. 17.00 Uhr Ende der Ausstellung im Kunstmuseum Bochum<\/p>\n<p>17. Okt. HERBSTFERIEN 15.10.-27.10.<\/p>\n<p>31. Okt. Clubabend<\/p>\n<p>14. Nov. DIGITAL-WETTBEWERB THEMA: \u201eWegwerfgesellschaft\u201c<br \/>\nHinweis: Die Dateien sind mit einem Bildtitel zu benennen (z.B. \u201eRiesenrad.jpg\u201c). So soll eine eindeutige Identifizierung der Werke vereinfacht bzw. eine zuf\u00e4llige Mischung aller Wettbewerbsbeitr\u00e4ge erreicht werden.<\/p>\n<p>28. Nov. Clubabend<\/p>\n<p>12. Dez. Clubabend \/ Jahres-Ausklang<br \/>\nHinweis: Der erste Clubabend in 2019 findet vorauss. am 09.01.19 statt!<\/p>\n<p>&nbsp;<\/p>\n","protected":false},"excerpt":{"rendered":"<p>Forum f\u00fcr Fotografie (www.fff-bochum.de) Termine 2026 14. Januar Clubabend 28. Januar Clubabend 11. Februar Clubabend Jahreshauptversammlung 25. Februar Clubabend Multivision Japan 11. M\u00e4rz Clubabend Jahreseinstandsessen 25. M\u00e4rz Clubabend 22. April Clubabend 06. Mai Clubabend 20. Mai Clubabend Abgabe Bilder f\u00fcr Ausstellung 03. Juni Clubabend 17. Juni Clubabend 01. Juli Clubabend 15. Juli Clubabend 09. Sept&#8230;.<\/p>\n","protected":false},"author":1,"featured_media":0,"parent":0,"menu_order":0,"comment_status":"closed","ping_status":"closed","template":"","meta":{"ngg_post_thumbnail":0},"_links":{"self":[{"href":"https:\/\/fff-bochum.de\/index.php?rest_route=\/wp\/v2\/pages\/152"}],"collection":[{"href":"https:\/\/fff-bochum.de\/index.php?rest_route=\/wp\/v2\/pages"}],"about":[{"href":"https:\/\/fff-bochum.de\/index.php?rest_route=\/wp\/v2\/types\/page"}],"author":[{"embeddable":true,"href":"https:\/\/fff-bochum.de\/index.php?rest_route=\/wp\/v2\/users\/1"}],"replies":[{"embeddable":true,"href":"https:\/\/fff-bochum.de\/index.php?rest_route=%2Fwp%2Fv2%2Fcomments&post=152"}],"version-history":[{"count":59,"href":"https:\/\/fff-bochum.de\/index.php?rest_route=\/wp\/v2\/pages\/152\/revisions"}],"predecessor-version":[{"id":2212,"href":"https:\/\/fff-bochum.de\/index.php?rest_route=\/wp\/v2\/pages\/152\/revisions\/2212"}],"wp:attachment":[{"href":"https:\/\/fff-bochum.de\/index.php?rest_route=%2Fwp%2Fv2%2Fmedia&parent=152"}],"curies":[{"name":"wp","href":"https:\/\/api.w.org\/{rel}","templated":true}]}}